8
What is the tens digit of 1140483?
8
What is the units digit of 286034?
4
What is the hundreds digit of 14314686?
6
What is the units digit of 14890566?
6
What is the hundred thousands digit of 373832?
3
What is the millions digit of 4935939?
4
What is the units digit of 112200?
0
What is the tens digit of 1958229?
2
What is the units digit of 266039?
9
What is the millions digit of 1628727?
1
What is the thousands digit of 434296?
4
What is the thousands digit of 162568?
2
What is the hundred thousands digit of 1808937?
8
What is the hundreds digit of 1326493?
4
What is the units digit of 2447295?
5
What is the thousands digit of 20947558?
7
What is the ten thousands digit of 40576?
4
What is the tens digit of 855201?
0
What is the hundred thousands digit of 30556483?
5
What is the hundreds digit of 181050?
0
What is the thousands digit of 11530627?
0
What is the hundred thousands digit of 1577766?
5
What is the units digit of 2485?
5
What is the tens digit of 35603083?
8
What is the ten thousands digit of 2523272?
2
What is the hundreds digit of 12289350?
3
What is the units digit of 814563?
3
What is the millions digit of 14024797?
4
What is the hundred thousands digit of 9089556?
0
What is the tens digit of 470225?
2
What is the units digit of 567671?
1
What is the ten thousands digit of 446042?
4
What is the tens digit of 375285?
8
What is the hundred thousands digit of 1774282?
7
What is the tens digit of 193913?
1
What is the units digit of 1252534?
4
What is the hundreds digit of 14529216?
2
What is the thousands digit of 18293?
8
What is the ten thousands digit of 22122335?
2
What is the units digit of 327163?
3
What is the ten thousands digit of 12016?
1
What is the ten thousands digit of 1274970?
7
What is the units digit of 163986?
6
What is the hundred thousands digit of 9664222?
6
What is the units digit of 784933?
3
What is the ten thousands digit of 172580?
7
What is the ten thousands digit of 5319988?
1
What is the ten millions digit of 24575287?
2
What is the thousands digit of 38680209?
0
What is the tens digit of 703294?
9
What is the units digit of 188288?
8
What is the tens digit of 13241?
4
What is the ten thousands digit of 207303?
0
What is the ten thousands digit of 70689?
7
What is the thousands digit of 3908481?
8
What is the units digit of 78461?
1
What is the thousands digit of 214875?
4
What is the thousands digit of 486751?
6
What is the tens digit of 3049322?
2
What is the hundreds digit of 28929071?
0
What is the ten thousands digit of 310259?
1
What is the ten thousands digit of 3230620?
3
What is the tens digit of 696322?
2
What is the units digit of 81317?
7
What is the units digit of 3084045?
5
What is the tens digit of 2897098?
9
What is the hundred thousands digit of 461658?
4
What is the units digit of 174113?
3
What is the ten thousands digit of 2825920?
2
What is the thousands digit of 3720586?
0
What is the ten thousands digit of 9970459?
7
What is the millions digit of 1655333?
1
What is the thousands digit of 184879?
4
What is the hundreds digit of 176049?
0
What is the hundreds digit of 9728450?
4
What is the hundred thousands digit of 643186?
6
What is the ten thousands digit of 1579396?
7
What is the hundreds digit of 169862?
8
What is the thousands digit of 911888?
1
What is the units digit of 84019?
9
What is the hundred thousands digit of 15748197?
7
What is the tens digit of 18430018?
1
What is the hundreds digit of 388928?
9
What is the thousands digit of 9944836?
4
What is the thousands digit of 12853006?
3
What is the tens digit of 6466966?
6
What is the ten thousands digit of 548504?
4
What is the thousands digit of 93799?
3
What is the ten thousands digit of 1951792?
5
What is the units digit of 2126922?
2
What is the ten millions digit of 12519228?
1
What is the ten thousands digit of 117084?
1
What is the thousands digit of 731813?
1
What is the ten millions digit of 11678618?
1
What is the hundreds digit of 300422?
4
What is the tens digit of 9354856?
5
What is the tens digit of 40896?
9
What is the thousands digit of 2529717?
9
What is the millions digit of 1122079?
1
What is the ten thousands digit of 67908?
6
What is the units digit of 45341?
1
What is the ten thousands digit of 188669?
8
What is the ten thousands digit of 440083?
4
What is the tens digit of 198763?
6
What is the thousands digit of 440556?
0
What is the units digit of 71841?
1
What is the hundreds digit of 1942063?
0
What is the ten thousands digit of 4517945?
1
What is the thousands digit of 1534399?
4
What is the hundreds digit of 5027720?
7
What is the hundred thousands digit of 754654?
7
What is the millions digit of 3342321?
3
What is the hundred thousands digit of 5476339?
4
What is the units digit of 632444?
4
What is the millions digit of 1229536?
1
What is the units digit of 8043?
3
What is the units digit of 209897?
7
What is the tens digit of 1277261?
6
What is the hundreds digit of 378471?
4
What is the units digit of 223979?
9
What is the thousands digit of 3608457?
8
What is the ten thousands digit of 1856377?
5
What is the units digit of 312455?
5
What is the thousands digit of 235495?
5
What is the units digit of 4736233?
3
What is the hundred thousands digit of 137548?
1
What is the thousands digit of 220737?
0
What is the tens digit of 14736?
3
What is the hundred thousands digit of 423393?
4
What is the millions digit of 4486843?
4
What is the thousands digit of 51913?
1
What is the hundreds digit of 227235?
2
What is the ten thousands digit of 6021398?
2
What is the ten thousands digit of 38299020?
9
What is the thousands digit of 422599?
2
What is the tens digit of 126453?
5
What is the hundreds digit of 962937?
9
What is the ten thousands digit of 206062?
0
What is the tens digit of 970187?
8
What is the thousands digit of 161284?
1
What is the hundred thousands digit of 1947609?
9
What is the tens digit of 361360?
6
What is the ten thousands digit of 1303027?
0
What is the thousands digit of 33157?
3
What is the units digit of 8612113?
3
What is the hundred thousands digit of 36457581?
4
What is the hundred thousands digit of 244008?
2
What is the ten millions digit of 25202534?
2
What is the units digit of 949103?
3
What is the units digit of 962672?
2
What is the hundred thousands digit of 452291?
4
What is the thousands digit of 463820?
3
What is the tens digit of 1505235?
3
What is the ten thousands digit of 280901?
8
What is the ten thousands digit of 339234?
3
What is the ten thousands digit of 396110?
9
What is the ten thousands digit of 1591070?
9
What is the ten thousands digit of 24392286?
9
What is the thousands digit of 184959?
4
What is the units digit of 60544?
4
What is the millions digit of 1863951?
1
What is the ten thousands digit of 539347?
3
What is the units digit of 861417?
7
What is the thousands digit of 711767?
1
What is the thousands digit of 673518?
3
What is the hundreds digit of 628009?
0
What is the units digit of 10893937?
7
What is the tens digit of 41805?
0
What is the hundreds digit of 4272895?
8
What is the tens digit of 21060441?
4
What is the tens digit of 670200?
0
What is the hundreds digit of 6879787?
7
What is the tens digit of 186456?
5
What is the units digit of 82653?
3
What is the hundreds digit of 2853845?
8
What is the hundred thousands digit of 4776726?
7
What is the hundreds digit of 429707?
7
What is the ten thousands digit of 205454?
0
What is the hundreds digit of 13742513?
5
What is the units digit of 231571?
1
What is the thousands digit of 378223?
8
What is the hundreds digit of 28042658?
6
What is the thousands digit of 424058?
4
What is the tens digit of 1657538?
3
What is the units digit of 486097?
7
What is the hundreds digit of 15141551?
5
What is the millions digit of 3191907?
3
What is the hundred thousands digit of 328743?
3
What is the thousands digit of 807524?
7
What is the tens digit of 861290?
9
What is the tens digit of 6406056?
5
What is the tens digit of 23796660?
6
What is the thousands digit of 217731?
7
What is the units digit of 34035651?
1
What is the hundred thousands digit of 2433503?
4
What is the hundreds digit of 1253940?
9
What is the tens digit of 152768?
6
What is the tens digit of 1691685?
8
What is t